 is the highest common factor of 261 and 82737?
261
What is the highest common factor of 5 and 1135?
5
Calculate the greatest common factor of 54 and 1513413.
9
What is the greatest common factor of 16 and 3568?
16
What is the greatest common divisor of 249800 and 1400?
200
What is the greatest common divisor of 15105112 and 6256?
3128
Calculate the greatest common factor of 146876 and 8.
4
What is the greatest common factor of 25954 and 133?
19
What is the highest common divisor of 5 and 9395?
5
What is the highest common divisor of 8 and 27752?
8
What is the highest common divisor of 38 and 840674?
38
Calculate the highest common divisor of 56 and 170048.
8
Calculate the greatest common factor of 6412 and 616.
28
What is the greatest common divisor of 9740 and 30860?
20
What is the highest common divisor of 56 and 83132?
28
Calculate the highest common divisor of 70158 and 1166.
22
Calculate the greatest common factor of 6384420 and 9.
9
What is the highest common factor of 12910 and 4750?
10
What is the greatest common factor of 192 and 93504?
192
What is the highest common divisor of 6 and 61464?
6
Calculate the greatest common factor of 308 and 20284.
44
What is the highest common factor of 852 and 32892?
12
What is the highest common factor of 38848 and 4480?
64
Calculate the highest common divisor of 19346 and 34.
34
What is the greatest common factor of 166 and 194?
2
Calculate the highest common divisor of 101 and 5056767.
101
Calculate the highest common divisor of 639 and 48635.
71
What is the greatest common divisor of 201605 and 5?
5
Calculate the highest common factor of 2825 and 625.
25
What is the greatest common divisor of 72 and 45882?
18
Calculate the greatest common factor of 2618091 and 1624.
203
Calculate the greatest common divisor of 3 and 22755.
3
What is the greatest common divisor of 14677 and 2483?
13
What is the greatest common divisor of 3972 and 72?
12
Calculate the highest common divisor of 32938 and 344.
86
Calculate the greatest common divisor of 21172 and 536.
268
What is the highest common divisor of 955 and 1470?
5
Calculate the greatest common divisor of 48 and 13656.
24
Calculate the highest common divisor of 210 and 54425.
35
Calculate the greatest common factor of 140 and 672.
28
Calculate the greatest common factor of 51730 and 210.
70
Calculate the greatest common divisor of 216 and 14760.
72
Calculate the greatest common divisor of 78315 and 345.
345
Calculate the highest common divisor of 21862 and 4998.
34
What is the greatest common divisor of 19604 and 116?
116
What is the highest common divisor of 5220 and 2412684?
1044
What is the highest common factor of 234612 and 504?
252
What is the greatest common factor of 104 and 112408?
8
Calculate the highest common factor of 3200 and 3760.
80
What is the greatest common divisor of 3249 and 19989?
9
Calculate the highest common factor of 18330 and 1209.
39
What is the highest common factor of 3807 and 15066?
81
Calculate the greatest common factor of 70716 and 996.
996
What is the greatest common divisor of 76410 and 1188?
54
What is the greatest common factor of 99 and 10087?
11
What is the greatest common divisor of 5451 and 4899?
69
What is the greatest common factor of 4314 and 12?
6
What is the greatest common divisor of 7 and 34517?
7
What is the highest common factor of 57904 and 12173?
329
Calculate the greatest common factor of 2808 and 17784.
936
Calculate the greatest common factor of 28561 and 13.
13
Calculate the greatest common factor of 368687 and 277.
277
What is the highest common divisor of 292 and 52633?
73
What is the greatest common divisor of 69585 and 27?
3
What is the highest common factor of 171304 and 14?
14
Calculate the greatest common factor of 94 and 33605.
47
What is the greatest common divisor of 1066 and 39?
13
What is the highest common divisor of 29781 and 114712?
1103
What is the highest common factor of 1864998 and 27?
27
Calculate the highest common factor of 4837 and 511.
7
What is the highest common factor of 48614 and 28776?
218
What is the highest common divisor of 5460 and 127932?
84
What is the greatest common factor of 394805 and 44960?
1405
Calculate the highest common divisor of 40 and 8765.
5
Calculate the highest common divisor of 890 and 22410.
10
Calculate the highest common factor of 5234277 and 844.
211
What is the greatest common divisor of 3500236 and 2168?
1084
What is the greatest common divisor of 4 and 35424?
4
Calculate the highest common divisor of 3196 and 127772.
68
What is the highest common divisor of 24041 and 145?
29
What is the highest common divisor of 139176 and 16?
8
What is the greatest common factor of 784620 and 45?
45
What is the highest common divisor of 4784 and 1904?
16
Calculate the highest common factor of 291 and 1365081.
291
Calculate the greatest common divisor of 1 and 128.
1
What is the greatest common divisor of 4889736 and 12?
12
Calculate the greatest common factor of 109573 and 73.
73
What is the highest common factor of 268010 and 30?
10
What is the greatest common factor of 77376 and 93?
93
Calculate the highest common factor of 33021 and 3.
3
Calculate the highest common factor of 629 and 925.
37
What is the greatest common factor of 1495 and 59639?
23
Calculate the greatest common factor of 2665 and 17425.
205
Calculate the greatest common divisor of 3009 and 111639.
51
Calculate the highest common factor of 5536 and 375583.
173
Calculate the highest common divisor of 4548 and 8.
4
Calculate the highest common factor of 14 and 2296322.
14
What is the greatest common divisor of 275957 and 33?
11
What is the greatest common divisor of 191088 and 144?
144
Calculate the greatest common factor of 93 and 323826.
93
What is the greatest common factor of 1203606 and 1674?
1674
What is the highest common factor of 2068 and 869?
11
What is the greatest common divisor of 1751 and 2941?
17
What is the highest common divisor of 86 and 9952?
2
What is the greatest common divisor of 3 and 22737?
3
Calculate the greatest common factor of 8078 and 252.
14
Calculate the greatest common divisor of 47310 and 380.
190
Calculate the highest common divisor of 1996478 and 66.
22
Calculate the highest common factor of 153942 and 21.
3
What is the greatest common factor of 100 and 824350?
50
What is the greatest common factor of 195 and 22350?
15
Calculate the highest common factor of 2109 and 399.
57
What is the greatest common divisor of 2054 and 2210?
26
What is the greatest common divisor of 8568 and 748?
68
Calculate the greatest common divisor of 45 and 169821.
9
What is the highest common divisor of 270 and 35235?
135
What is the greatest common factor of 40469 and 153669?
283
Calculate the greatest common divisor of 262 and 55282.
262
Calculate the highest common divisor of 344 and 2210501.
43
Calculate the greatest common factor of 2132 and 59204.
164
What is the highest common factor of 760 and 2655250?
190
Calculate the highest common factor of 24 and 2244.
12
Calculate the highest common factor of 4165976 and 8.
8
Calculate the highest common factor of 10 and 3389.
1
What is the greatest common factor of 29111 and 43?
43
What is the greatest common factor of 1727 and 58938?
11
Calculate the greatest common factor of 6039 and 8283.
33
Calculate the highest common divisor of 379470 and 12558.
546
Calculate the greatest common factor of 77616 and 36.
36
Calculate the highest common divisor of 4404 and 51.
3
What is the highest common divisor of 1675 and 8200?
25
What is the highest common factor of 5500 and 41525?
275
Calculate the greatest common factor of 26577 and 63.
9
What is the highest common divisor of 55140 and 1740?
60
What is the highest common divisor of 33659 and 2082?
347
What is the greatest common divisor of 21444 and 24?
12
What is the greatest common divisor of 25876 and 12?
4
What is the highest common factor of 2701 and 48359?
37
What is the highest common divisor of 87829 and 553?
7
What is the highest common divisor of 347116 and 253?
253
What is the highest common factor of 4066 and 1216?
38
What is the highest common divisor of 114 and 19926?
6
Calculate the greatest common divisor of 150 and 34140.
30
Calculate the highest common factor of 325816 a